{"id":4783,"date":"2023-12-08T09:22:44","date_gmt":"2023-12-08T09:22:44","guid":{"rendered":"https:\/\/comptagest.com\/bbconsult\/?page_id=4783"},"modified":"2023-12-11T20:46:38","modified_gmt":"2023-12-11T20:46:38","slug":"outils","status":"publish","type":"page","link":"https:\/\/mybbc.eu\/?page_id=4783","title":{"rendered":"Outils"},"content":{"rendered":"\t\t<div data-elementor-type=\"wp-page\" data-elementor-id=\"4783\" class=\"elementor elementor-4783\" data-elementor-post-type=\"page\">\n\t\t\t\t\t\t\t<div class=\"elementor-element elementor-element-cc2d1ad e-flex e-con-boxed e-con e-parent\" data-id=\"cc2d1ad\" data-element_type=\"container\" data-settings=\"{&quot;content_width&quot;:&quot;boxed&quot;}\" data-core-v316-plus=\"true\">\n\t\t\t\t\t<div class=\"e-con-inner\">\n\t\t\t\t\t<\/div>\n\t\t\t\t<\/div>\n\t\t<div class=\"elementor-element elementor-element-1b9dc93 e-flex e-con-boxed e-con e-parent\" data-id=\"1b9dc93\" data-element_type=\"container\" data-settings=\"{&quot;content_width&quot;:&quot;boxed&quot;}\" data-core-v316-plus=\"true\">\n\t\t\t\t\t<div class=\"e-con-inner\">\n\t\t<div class=\"elementor-element elementor-element-0f31852 e-con-full e-flex e-con e-child\" data-id=\"0f31852\" data-element_type=\"container\" data-settings=\"{&quot;content_width&quot;:&quot;full&quot;}\">\n\t\t\t\t<div class=\"elementor-element elementor-element-4004ca8 elementor-widget elementor-widget-text-editor\" data-id=\"4004ca8\" data-element_type=\"widget\" data-widget_type=\"text-editor.default\">\n\t\t\t\t<div class=\"elementor-widget-container\">\n\t\t\t\t\t\t\t<h2>Outils FISCAUX : Calculateurs<\/h2><ul><li class=\"liste-liens\"><a href=\"https:\/\/finances.belgium.be\/fr\/E-services\/Tax-calc\/Tax-Calc\" target=\"_blank\" rel=\"noreferrer noopener\">Imp\u00f4ts TaxCalc<\/a><\/li><li class=\"liste-liens\"><a href=\"https:\/\/www.sd.be\/carcostcalculator\/Default.aspx?lang=fr\" target=\"_blank\" rel=\"noreferrer noopener\">ATN Auto<\/a><\/li><li class=\"liste-liens\"><a href=\"https:\/\/www.notaire.be\/calcul-de-frais\" target=\"_blank\" rel=\"noreferrer noopener\">Droit d\u2019Enregistrement et d\u2019acte<\/a><\/li><li class=\"liste-liens\"><a href=\"https:\/\/www.moniteurautomobile.be\/conseils-financiers\/calculer-tmc-taxe-de-mise-en-circulation-et-taxe-annuelle.html\" target=\"_blank\" rel=\"noreferrer noopener\">Taxes Auto<\/a><\/li><\/ul>\t\t\t\t\t\t<\/div>\n\t\t\t\t<\/div>\n\t\t\t\t<div class=\"elementor-element elementor-element-4d19855 elementor-widget elementor-widget-text-editor\" data-id=\"4d19855\" data-element_type=\"widget\" data-widget_type=\"text-editor.default\">\n\t\t\t\t<div class=\"elementor-widget-container\">\n\t\t\t\t\t\t\t<h2 class=\"gb-headline gb-headline-4915691b gb-headline-text\">Guide FISCAUX et SOCIAUX<\/h2><ul><li class=\"liste-liens\"><a href=\"https:\/\/www.fidmed.be\/wp-content\/uploads\/sites\/14\/2021\/06\/FEP_Xerius.pdf\" target=\"_blank\" rel=\"noreferrer noopener\">Fisc en Poche<\/a><\/li><li class=\"liste-liens\"><a href=\"https:\/\/www.fidmed.be\/wp-content\/uploads\/sites\/14\/2021\/06\/Echeancier-fiscal.pdf\" target=\"_blank\" rel=\"noreferrer noopener\">Ech\u00e9ancier Fiscal PDF<\/a><\/li><li class=\"liste-liens\"><a href=\"https:\/\/www.fidmed.be\/wp-content\/uploads\/sites\/14\/2021\/06\/Echeancier-fiscal.pdf\" target=\"_blank\" rel=\"noreferrer noopener\">Ech\u00e9ancier Fiscal PDF<\/a><\/li><li class=\"liste-liens\"><a href=\"https:\/\/www.xerius.be\/-\/media\/project\/xerius\/sites\/public\/boekhouders\/formulieren-en-publicaties\/baremas\/fr\/barema_boekhouders_fr.pdf?utm_source=gagnentreprendre&amp;utm_medium=referral\" target=\"_blank\" rel=\"noreferrer noopener\">Bar\u00e8me Cotisations sociales PDF<\/a><\/li><li class=\"liste-liens\"><a href=\"https:\/\/www.xerius.be\/-\/media\/project\/xerius\/sites\/public\/boekhouders\/formulieren-en-publicaties\/baremas\/fr\/svz-fr-17-encore-plus-de-droits-sociaux.pdf?utm_source=gagnentreprendre&amp;utm_medium=referral\" target=\"_blank\" rel=\"noreferrer noopener\">Droits sociaux PDF<\/a><\/li><\/ul>\t\t\t\t\t\t<\/div>\n\t\t\t\t<\/div>\n\t\t\t\t<div class=\"elementor-element elementor-element-76a837b elementor-widget elementor-widget-text-editor\" data-id=\"76a837b\" data-element_type=\"widget\" data-widget_type=\"text-editor.default\">\n\t\t\t\t<div class=\"elementor-widget-container\">\n\t\t\t\t\t\t\t<div class=\"wp-block-column is-layout-flow wp-block-column-is-layout-flow\"><h2 class=\"gb-headline gb-headline-089259b5 gb-headline-text\">Services SPF Finances<\/h2><ul><li class=\"liste-liens\"><a href=\"https:\/\/finances.belgium.be\/fr\/E-services\/mandats\" target=\"_blank\" rel=\"noreferrer noopener\">Activation Mandats SPF Finances<\/a><\/li><li class=\"liste-liens\"><a href=\"https:\/\/finances.belgium.be\/fr\/particuliers\/declaration_impot\/versements_anticipes\/versements_anticipes_independants#q7%20%20https:\/\/finances.belgium.be\/fr\/communication-structur%C3%A9e\" target=\"_blank\" rel=\"noreferrer noopener\">Versements Anticip\u00e9s et Communication Structur\u00e9e<\/a><\/li><\/ul><\/div><div class=\"wp-block-column is-layout-flow wp-block-column-is-layout-flow\">\u00a0<\/div>\t\t\t\t\t\t<\/div>\n\t\t\t\t<\/div>\n\t\t\t\t<\/div>\n\t\t<div class=\"elementor-element elementor-element-0df3543 e-con-full e-flex e-con e-child\" data-id=\"0df3543\" data-element_type=\"container\" data-settings=\"{&quot;content_width&quot;:&quot;full&quot;}\">\n\t\t\t\t<div class=\"elementor-element elementor-element-7a9d019 elementor-widget elementor-widget-text-editor\" data-id=\"7a9d019\" data-element_type=\"widget\" data-widget_type=\"text-editor.default\">\n\t\t\t\t<div class=\"elementor-widget-container\">\n\t\t\t\t\t\t\t<h2 class=\"gb-headline gb-headline-59e077f0 gb-headline-text\">Guides Starter \/ Aides<\/h2><ul><li class=\"liste-liens\"><a href=\"https:\/\/www.ssmg.be\/impulseo-1\/\" target=\"_blank\" rel=\"noreferrer noopener\">Impulseo I<\/a><\/li><li class=\"liste-liens\"><a href=\"https:\/\/www.ssmg.be\/impulseo-2-3\/\" target=\"_blank\" rel=\"noreferrer noopener\">Impulseo II &amp; III<\/a><\/li><li class=\"liste-liens\"><a href=\"https:\/\/www.xerius.be\/fr-be\/independants\/securite-sociale\/cotisations-sociales?utm_source=gagnentreprendre&amp;utm_medium=referral\" target=\"_blank\" rel=\"noreferrer noopener\">Cotisations sociales : Comment \u00e7a marche<\/a><\/li><li class=\"liste-liens\"><a href=\"https:\/\/www.fidmed.be\/wp-content\/uploads\/sites\/14\/2021\/06\/Baby-doc.pdf\" target=\"_blank\" rel=\"noreferrer noopener\">D\u00e9marches baby doc<\/a><\/li><\/ul>\t\t\t\t\t\t<\/div>\n\t\t\t\t<\/div>\n\t\t\t\t<div class=\"elementor-element elementor-element-133bc62 elementor-widget elementor-widget-text-editor\" data-id=\"133bc62\" data-element_type=\"widget\" data-widget_type=\"text-editor.default\">\n\t\t\t\t<div class=\"elementor-widget-container\">\n\t\t\t\t\t\t\t<ul><li class=\"liste-liens\"><h2 class=\"gb-headline gb-headline-6919015a gb-headline-text\">Signature digitale<\/h2><ul><li class=\"liste-liens\"><a href=\"https:\/\/www.itsme.be\/fr\/\" target=\"_blank\" rel=\"noreferrer noopener\">It\u2019s Me<\/a><\/li><li class=\"liste-liens\"><a href=\"https:\/\/eid.belgium.be\/fr\" target=\"_blank\" rel=\"noreferrer noopener\">eID<\/a><\/li><\/ul><\/li><\/ul>\t\t\t\t\t\t<\/div>\n\t\t\t\t<\/div>\n\t\t\t\t<div class=\"elementor-element elementor-element-82625da elementor-widget elementor-widget-text-editor\" data-id=\"82625da\" data-element_type=\"widget\" data-widget_type=\"text-editor.default\">\n\t\t\t\t<div class=\"elementor-widget-container\">\n\t\t\t\t\t\t\t<h2 class=\"gb-headline gb-headline-b70d64ec gb-headline-text\">Utilitaires<\/h2><ul><li><a href=\"https:\/\/ec.europa.eu\/taxation_customs\/vies\/?locale=fr\" target=\"_blank\" rel=\"noreferrer noopener\">V\u00e9rifier un num\u00e9ro de TVA<\/a><\/li><li><a href=\"https:\/\/finances.belgium.be\/fr\/E-services\/MyRent\" target=\"_blank\" rel=\"noreferrer noopener\">Enregistrer Bail<\/a><\/li><li><a href=\"https:\/\/eservices.minfin.fgov.be\/myminfin-web\/\" target=\"_blank\" rel=\"noreferrer noopener\">G\u00e9rer et Consulter votre dossier fiscal aupr\u00e8s du SPF FINANCES<\/a><\/li><li><a href=\"https:\/\/www.notaire.be\/actes-notaries\/mes-actes\" target=\"_blank\" rel=\"noreferrer noopener\">Consulter actes notari\u00e9s<\/a><\/li><li><a href=\"https:\/\/eservices.minfin.fgov.be\/annucomp\/main.do\" target=\"_blank\" rel=\"noreferrer noopener\">Annuaire SPF FINANCES<\/a><\/li><li><a href=\"https:\/\/www.mypension.be\/fr\" target=\"_blank\" rel=\"noreferrer noopener\">Votre pension<\/a><\/li><\/ul>\t\t\t\t\t\t<\/div>\n\t\t\t\t<\/div>\n\t\t\t\t<\/div>\n\t\t\t\t\t<\/div>\n\t\t\t\t<\/div>\n\t\t\t\t\t\t\t<\/div>\n\t\t","protected":false},"excerpt":{"rendered":"<p>Outils FISCAUX : Calculateurs Imp\u00f4ts TaxCalc ATN Auto Droit d\u2019Enregistrement et d\u2019acte Taxes Auto Guide FISCAUX et SOCIAUX Fisc en Poche Ech\u00e9ancier Fiscal PDF Ech\u00e9ancier Fiscal PDF Bar\u00e8me Cotisations sociales PDF Droits sociaux PDF Services SPF Finances Activation Mandats SPF Finances Versements Anticip\u00e9s et Communication Structur\u00e9e \u00a0 Guides Starter \/ Aides Impulseo I Impulseo II&hellip;<\/p>\n","protected":false},"author":1,"featured_media":0,"parent":0,"menu_order":0,"comment_status":"closed","ping_status":"closed","template":"","meta":{"footnotes":""},"class_list":["post-4783","page","type-page","status-publish","hentry"],"_links":{"self":[{"href":"https:\/\/mybbc.eu\/index.php?rest_route=\/wp\/v2\/pages\/4783","targetHints":{"allow":["GET"]}}],"collection":[{"href":"https:\/\/mybbc.eu\/index.php?rest_route=\/wp\/v2\/pages"}],"about":[{"href":"https:\/\/mybbc.eu\/index.php?rest_route=\/wp\/v2\/types\/page"}],"author":[{"embeddable":true,"href":"https:\/\/mybbc.eu\/index.php?rest_route=\/wp\/v2\/users\/1"}],"replies":[{"embeddable":true,"href":"https:\/\/mybbc.eu\/index.php?rest_route=%2Fwp%2Fv2%2Fcomments&post=4783"}],"version-history":[{"count":10,"href":"https:\/\/mybbc.eu\/index.php?rest_route=\/wp\/v2\/pages\/4783\/revisions"}],"predecessor-version":[{"id":5920,"href":"https:\/\/mybbc.eu\/index.php?rest_route=\/wp\/v2\/pages\/4783\/revisions\/5920"}],"wp:attachment":[{"href":"https:\/\/mybbc.eu\/index.php?rest_route=%2Fwp%2Fv2%2Fmedia&parent=4783"}],"curies":[{"name":"wp","href":"https:\/\/api.w.org\/{rel}","templated":true}]}}